1, 15739
What are the prime factors of 189681?
3, 23, 2749
List the prime factors of 714270.
2, 3, 5, 29, 821
What are the prime factors of 392200?
2, 5, 37, 53
What are the prime factors of 262819?
262819
What are the prime factors of 14753126?
2, 7376563
List the prime factors of 459693.
3, 13, 3929
List the prime factors of 3342037.
3342037
List the prime factors of 4793101.
59, 81239
List the prime factors of 384208.
2, 11, 37, 59
List the prime factors of 4195942.
2, 67, 173, 181
What are the prime factors of 33782971?
2341, 14431
List the prime factors of 901804.
2, 131, 1721
List the prime factors of 75724.
2, 11, 1721
List the prime factors of 379054.
2, 13, 61, 239
What are the prime factors of 14326634?
2, 7, 47, 21773
What are the prime factors of 1553343?
3, 11, 103, 457
List the prime factors of 429780.
2, 3, 5, 13, 19, 29
List the prime factors of 12284858.
2, 751, 8179
What are the prime factors of 115459?
115459
What are the prime factors of 978048?
2, 3, 283
What are the prime factors of 1873913?
19, 98627
List the prime factors of 12983928.
2, 3, 163, 3319
List the prime factors of 804193.
13, 61861
List the prime factors of 290963.
290963
What are the prime factors of 2461297?
2461297
What are the prime factors of 2843566?
2, 11, 29, 4457
What are the prime factors of 2410475?
5, 96419
List the prime factors of 20937122.
2, 10468561
List the prime factors of 69237.
3, 7, 157
What are the prime factors of 1112250?
2, 3, 5, 1483
List the prime factors of 1315252.
2, 328813
List the prime factors of 6322908.
2, 3, 526909
What are the prime factors of 340393?
340393
List the prime factors of 2215952.
2, 138497
What are the prime factors of 60530?
2, 5, 6053
What are the prime factors of 4245150?
2, 3, 5, 7, 13, 311
List the prime factors of 6597152.
2, 29, 7109
List the prime factors of 10028659.
10028659
List the prime factors of 16862167.
7, 239, 10079
List the prime factors of 12100369.
23, 37, 59, 241
What are the prime factors of 2054570?
2, 5, 7, 599
List the prime factors of 102076.
2, 13, 151
List the prime factors of 22362.
2, 3, 3727
What are the prime factors of 5880037?
5880037
List the prime factors of 13327184.
2, 13, 17, 3769
List the prime factors of 3882347.
7, 31, 17891
What are the prime factors of 2844847?
23, 179, 691
List the prime factors of 873163.
37, 23599
What are the prime factors of 340520?
2, 5, 8513
What are the prime factors of 439080?
2, 3, 5, 3659
What are the prime factors of 2658467?
7, 31, 12251
What are the prime factors of 2381059?
97, 24547
What are the prime factors of 193596?
2, 3, 13, 17, 73
List the prime factors of 1726552.
2, 107, 2017
What are the prime factors of 1806316?
2, 451579
What are the prime factors of 1757956?
2, 19, 23131
What are the prime factors of 284787?
3, 31643
List the prime factors of 5596615.
5, 1119323
What are the prime factors of 1645443?
3, 23, 7949
List the prime factors of 321295.
5, 13, 4943
List the prime factors of 22269960.
2, 3, 5, 61861
What are the prime factors of 15357607?
419, 36653
What are the prime factors of 2912499?
3, 29, 11159
List the prime factors of 7443825.
3, 5, 99251
List the prime factors of 313731.
3, 11, 3169
List the prime factors of 764579.
19, 40241
List the prime factors of 15041420.
2, 5, 131, 5741
List the prime factors of 170235.
3, 5, 13, 97
What are the prime factors of 3215695?
5, 7, 79, 1163
What are the prime factors of 23496544?
2, 734267
List the prime factors of 12031811.
11, 59, 18539
What are the prime factors of 18447?
3, 11, 13, 43
What are the prime factors of 27526202?
2, 11, 31, 40361
List the prime factors of 158607.
3, 17623
List the prime factors of 692392.
2, 23, 53, 71
List the prime factors of 142206.
2, 3, 137, 173
What are the prime factors of 192130?
2, 5, 19213
What are the prime factors of 272407?
272407
List the prime factors of 327179.
327179
What are the prime factors of 96277?
43, 2239
List the prime factors of 15179.
43, 353
List the prime factors of 222584.
2, 27823
List the prime factors of 8833002.
2, 3, 1472167
What are the prime factors of 406686?
2, 3, 7, 23, 421
List the prime factors of 729441.
3, 81049
What are the prime factors of 4199701?
11, 381791
What are the prime factors of 1476955?
5, 89, 3319
What are the prime factors of 512031?
3, 13, 19, 691
What are the prime factors of 1058921?
1058921
What are the prime factors of 1037036?
2, 7, 11, 13, 37
List the prime factors of 598976.
2, 7, 191
List the prime factors of 1962924.
2, 3, 37, 4421
What are the prime factors of 3682532?
2, 7, 131519
List the prime factors of 309586.
2, 19, 8147
List the prime factors of 635170.
2, 5, 19, 3343
What are the prime factors of 10115640?
2, 3, 5, 28099
What are the prime factors of 453157?
453157
List the prime factors of 2688855.
3, 5, 13, 13789
List the prime factors of 13723851.
3, 97, 47161
What are the prime factors of 308505?
3, 5, 131, 157
What are the prime factors of 2336634?
2, 3, 43271
What are the prime factors of 1312983?
3, 7, 6947
List the prime factors of 18476167.
18476167
List the prime factors of 192020.
2, 5, 9601
List the prime factors of 2534227.
59, 42953
List the prime factors of 193642.
2, 96821
What are the prime factors of 347041?
347041
List the prime factors of 1583228.
2, 23, 17209
What are the prime factors of 1592577?
3, 7, 17, 1487
List the prime factors of 483337.
483337
List the prime factors of 1301750.
2, 5, 41, 127
What are the prime factors of 145661?
145661
What are the prime factors of 293217?
3, 43, 2273
List the prime factors of 34548145.
5, 6909629
What are the prime factors of 1317379?
7, 188197
What are the prime factors of 169786?
2, 23, 3691
List the prime factors of 6539382.
2, 3, 19, 19121
List the prime factors of 752097.
3, 17, 14747
What are the prime factors of 1568837?
37, 109, 389
What are the prime factors of 2473951?
2473951
List the prime factors of 64173.
3, 21391
List the prime factors of 167306.
2, 83653
What are the prime factors of 269859?
3, 23, 3911
What are the prime factors of 3128794?
2, 37, 42281
List the prime factors of 2194456.
2, 11, 2267
List the prime factors of 4235124.
2, 3, 53, 6659
List the prime factors of 28639.
13, 2203
List the prime factors of 4613311.
4613311
List the prime factors of 136019.
13, 10463
What are the prime factors of 4851591?
3, 191, 8467
List the prime factors of 94275.
3, 5, 419
List the prime factors of 552908.
2, 17, 47, 173
What are the prime factors of 1729416?
2, 3, 13, 23, 241
List the prime factors of 11680.
2, 5, 73
What are the prime factors of 159955?
5, 31991
What are the prime factors of 2418215?
5, 483643
What are the prime factors of 13511119?
13511119
What are the prime factors of 29583192?
2, 3, 83, 14851
What are the prime factors of 2964472?
2, 7, 52937
What are the prime factors of 1161972?
2, 3, 7, 29, 53
What are the prime factors of 9269356?
2, 2317339
What are the prime factors of 6385131?
3, 547, 1297
List the prime factors of 1948590.
2, 3, 5, 7, 1031
What are the prime factors of 217746?
2, 3, 12097
What are the prime factors of 339801?
3, 7, 11, 1471
What are the prime factors of 3710752?
2, 61, 1901
List the prime factors of 1001610.
2, 3, 5, 31, 359
List the prime factors of 761304.
2, 3, 31721
What are the prime factors of 384715?
5, 76943
What are the prime factors of 1272567?
3, 23, 18443
What are the prime factors of 192978?
2, 3, 71, 151
List the prime factors of 1315556.
2, 11, 29, 1031
List the prime factors of 6517889.
7, 931127
List the prime factors of 306899.
306899
List the prime factors of 2340174.
2, 3, 263, 1483
What are the prime factors of 7207250?
2, 5, 127, 227
What are the prime factors of 880814?
2, 11, 40037
What are the prime factors of 438432?
2, 3, 4567
List the prime factors of 692197.
11, 62927
List the prime factors of 1750509.
3, 67, 2903
List the prime factors of 14534989.
7, 43, 1123
What are the prime factors of 31132?
2, 43, 181
List the prime factors of 515871.
3, 31, 43
What are the prime factors of 7896373?
7896373
What are the prime factors of 13839231?
3, 7, 659011
What are the prime factors of 7506780?
2, 3, 5, 125113
What are the prime factors of 208309?
208309
List the prime factors of 73281.
3, 13, 1879
What are the